 p - -1. Suppose 0 = 17*g - 11*g - o. Calculate the highest common divisor of 28 and g.
4
Let s(g) = -g**3 - 9*g**2 + 3*g + 16. Let w be s(-10). Let m = w + -74. Suppose 0 = 2*f + 2*f - 16. What is the highest common divisor of f and m?
4
Let x = -39561 + 39804. What is the highest common divisor of 4509 and x?
27
Suppose 4*o = -4*z + 32, -5 = 4*z + 2*o - 43. Let p be ((-78)/3)/((-2)/11). What is the highest common factor of p and z?
11
Suppose -23*u = -24*u + 16. Suppose -2*m - 17*v = -13*v - 284, -2*m + 287 = v. What is the highest common divisor of u and m?
16
Let b = -25553 + 62567. Calculate the greatest common factor of b and 186.
186
Let z(y) = -y - 50 + 20 - 49. Let q be z(16). Let p = -72 - q. Calculate the highest common factor of p and 46.
23
Suppose 3*o - 3*x - 42 = 0, 2*o = -8*o - 2*x + 92. Suppose w = -0*w + 470. Calculate the highest common factor of w and o.
10
Let m(o) = -217*o**3 + o**2 - 18*o - 26. Let p be m(-2). Calculate the greatest common divisor of 434 and p.
14
Let t = -4217 - -4254. Let w(b) = -b**2 + 39*b + 27. Let n be w(19). What is the greatest common divisor of t and n?
37
Let r be (-2)/(-6)*(-23 - -92). Calculate the highest common divisor of r and 67.
1
Suppose 0*x + x = 18. Let b(z) = 13*z - 996. Let s be b(78). What is the highest common factor of s and x?
18
Let m = -41 + 62. Let q(j) = -54*j - 49. Let f be q(-1). Let s(z) = z**3 + 2*z**2 - 4*z - 8. Let w be s(f). What is the greatest common divisor of w and m?
21
Let p(h) = -h**2 + 22*h - 71. Let z(f) = f + 44. Let x be z(-28). Let b be p(x). Let i = 66 + b. Calculate the greatest common divisor of 13 and i.
13
Suppose -9*p + 11*p = 3*z + 6, p = z + 3. Suppose -15*l + 6840 - 240 = z. Calculate the greatest common divisor of 264 and l.
88
Suppose -w - 4*w = -20. Suppose 4*s - 340 = w*m - 2116, -1764 = -4*m - 2*s. Calculate the highest common divisor of 13 and m.
13
Suppose 293674 = 139*z - 714027 - 507955. What is the highest common divisor of 16 and z?
8
Suppose 127984 - 7924 = 261*h. Calculate the highest common factor of h and 575.
115
Let v = -41 - 36. Let y = v - -179. What is the greatest common factor of 6 and y?
6
Suppose 4*p + 2*i - 66 - 34 = 0, -112 = -5*p + 4*i. Suppose -2*c + p = o - 18, c - 21 = -3*o. Calculate the greatest common factor of c and 21.
21
Let s(y) = 9*y**3 + 17*y**2 - 56*y + 150. Let d be s(9). What is the highest common factor of 8 and d?
8
Let p = -7101 - -8342. Let k be 435/6 - (-6)/12. What is the highest common factor of p and k?
73
Let r(w) = 217*w**2 - 51*w + 143. Let h be r(3). What is the highest common factor of h and 603?
67
Suppose 0 = -6*h + 12. Let x be h/(8/116*1). Let m be x - 2 - 3/1. Calculate the greatest common factor of 72 and m.
24
Let d be 1635/763*(-154)/(-2). What is the highest common divisor of 319 and d?
11
Let w = 1701 - 1239. Calculate the highest common divisor of 336 and w.
42
Let t = 7644 + -7566. Calculate the greatest common factor of t and 1833.
39
Let x(a) = -25 - 11*a**2 - 13 + 12*a**2 - 4*a. Let l be x(11). Let p = 18 + 47. Calculate the greatest common divisor of p and l.
13
Let q = 4251 - 4236. What is the highest common divisor of 1185 and q?
15
Suppose 0 = 5*k + 10, -6*s = -s - 2*k - 404. What is the greatest common divisor of 5080 and s?
40
Let z = 1231 - 631. Suppose z = 2*g + 152. Calculate the greatest common divisor of g and 16.
16
Suppose n = -r + 220, -4*r + 2*n = 3*n - 895. Let w(t) = -14*t - 46. Let x be w(-4). Suppose s = x*s - r. Calculate the greatest common divisor of 25 and s.
25
Let i(h) = 1128*h + 10262. Let l be i(-9). Suppose 2*w - w - 25 = 3*a, 50 = 3*w - 4*a. Calculate the greatest common divisor of w and l.
10
Let j(x) = x**3 - 18*x**2 + 34*x + 18. Let p be j(16). Let y be 34/(-85)*p/(-4). Suppose -7*a + 30 = -a. What is the highest common factor of y and a?
5
Let o = 310 + -116. Let h = o + -173. Suppose 0 = 4*q + q - 2*a - 515, -5*q + a + 520 = 0. What is the highest common factor of h and q?
21
Suppose -4*v + 4*p + 478 = 62, 5*p = -v + 86. Let g be (v + -9)/((-4)/(-14)). Calculate the greatest common divisor of 14 and g.
14
Suppose 0 = 2*g - 51 - 17. Let d(n) = 42*n - 40. Let b = 103 + -98. Let s be d(b). Calculate the highest common divisor of s and g.
34
Let z(i) = i**3 - 10*i**2 + 5*i - 6. Let g be z(11). Suppose 11*v - g = -929. Let y = 73 + v. Calculate the greatest common factor of 36 and y.
4
Let f = 2080 - 1117. Let n = f + -586. Calculate the highest common factor of 87 and n.
29
Let z = -489 + 493. Suppose 90 = -z*m + 7*m. Suppose -70 - 5 = -f. Calculate the greatest common factor of f and m.
15
Suppose 0 = a - 2*o - 73, 0 = 3*a - 5*o - 132 - 88. Suppose -1031*v + 1068*v = 555. Calculate the greatest common divisor of v and a.
15
Let u = -295 - -483. Let p = u - 133. Let d = p + -34. Calculate the greatest common divisor of d and 14.
7
Suppose 0 = 5*j - 197 + 7. Let d = 1993 - 1822. Calculate the highest common factor of d and j.
19
Let m = -80 + 96. Let p be ((-153)/6)/(12/m) - -2. Let g be p/10 + 3 + 71/5. Calculate the greatest common divisor of 14 and g.
14
Suppose -3*m = 6*u - 390, 135 - 271 = -2*u - 2*m. Calculate the highest common divisor of u and 17112.
62
Let d(o) = o**2 + 9*o + 13. Let b be d(-11). Let n(z) = -z**3 + 7*z**2 - 43*z + 406. Let h be n(7). Calculate the greatest common divisor of b and h.
35
Suppose -2*w + 40 = 3*p + 2, 0 = 2*p - 4. Suppose 13*s - 319 = -w*s. Let l = -71 - -104. What is the greatest common factor of l and s?
11
Suppose -27*b - 2*q = -23*b - 832, -3*q = 3*b - 624. What is the greatest common factor of 4888 and b?
104
Let o(n) = -92*n - 5528. Let b be o(-66). What is the highest common factor of b and 17?
17
Suppose -213*p = -250426 - 12629. What is the greatest common factor of 2925 and p?
65
Let k = 231892 - 231853. Suppose 0*f + f + 1565 = 5*o, 4*f = o - 332. What is the greatest common factor of o and k?
39
Let k be ((-52)/10)/(2/(-10)). Let t be (57 - -182) + (-2 - 3). What is the highest common factor of k and t?
26
Let y(c) = -4*c + 94. Let j be y(-25). Let i = 293 - j. What is the highest common divisor of i and 22?
11
Suppose 5*x = -2*p + 80, 0 = -x + 2*p + 9 + 7. Let m = x - -2. Suppose 2*w = -3*w + 5*u + 90, -w = 3*u - m. Calculate the greatest common factor of 45 and w.
9
Let t be 3542/70 + -5*(-30)/(-250). Suppose 5*f + 2 + 13 = -4*w, 3 = -4*f - 5*w. Let p = 13 - f. Calculate the highest common factor of t and p.
10
Suppose -6*g - 83 + 71 = 0. Let u be ((-9)/g)/((7/(-546))/(-1)). Calculate the greatest common divisor of u and 9.
9
Let k(s) = 151*s**3 + s**2 + 3*s - 5. Let r be k(1). Calculate the greatest common factor of r and 50.
50
Suppose -20*o = -18*o + 580. Let l = o + 398. Calculate the greatest common divisor of l and 36.
36
Let x = -94 + 118. Let j(l) = -3*l - 26. Let t be j(-14). Calculate the greatest common factor of t and x.
8
Suppose 0 = n - 17 + 14. Let k(q) = q**3 + 4*q**2 - 8*q + 11. Let u be k(n). What is the highest common divisor of u and 250?
50
Let w be 9 + -9 + 649 - (1 - -2 - -1). What is the highest common factor of 180 and w?
15
Suppose -3*j - 83 + 858 = g, -16 = -4*g. Suppose a + j = 2*w, -26*w = -22*w - a - 513. Calculate the highest common factor of 160 and w.
32
Suppose -2*v + 6 = 28. Let r(c) be the third derivative of c**4/8 + 19*c**3/3 + 633*c**2 + 3. Let i be r(v). What is the greatest common divisor of 5 and i?
5
Let b = -2 - 0. Let f be b/6*(3 - 9). Suppose 165*a + 3*a - 443 - 61 = 0. What is the greatest common divisor of a and f?
1
Let d(g) = 2*g + 91. Let u be d(-5). Let w be (25 - 22)/(2/270). What is the highest common factor of w and u?
81
Let x = -8612 - -9392. What is the highest common divisor of x and 507?
39
Suppose -379 = -o - 2*o - g, 5*o - 610 = -6*g. Calculate the highest common divisor of o and 46.
2
Suppose 69*i = -12*i + 14823. What is the greatest common factor of i and 427?
61
Let a = 2085 + -1405. Let r be ((-20)/8 + 1)*(-408)/9. Calculate the greatest common factor of r and a.
68
Suppose 3*v - 6*v - 2*o + 654 = 0, 0 = 4*v - 4*o - 892. Calculate the highest common divisor of 3190 and v.
110
Let f(x) = 14*x - 70. Let b be f(9). Suppose -3*j - 15 = 0, 4*t + 14 + 100 = 2*j. Let o = b + t. What is the greatest common divisor of o and 50?
25
Let i